{"id":1432,"date":"2025-06-01T21:08:04","date_gmt":"2025-06-01T19:08:04","guid":{"rendered":"http:\/\/dev.targowiska.tarnow.pl\/?page_id=1432"},"modified":"2025-06-03T10:24:56","modified_gmt":"2025-06-03T08:24:56","slug":"struktura-placow","status":"publish","type":"page","link":"http:\/\/targowiska.tarnow.pl\/?page_id=1432","title":{"rendered":"Struktura Plac\u00f3w"},"content":{"rendered":"\n<p>Pliki do wgl\u0105du i pobrania:<\/p>\n\n\n\n<div class=\"wp-block-columns is-layout-flex wp-container-core-columns-is-layout-9d6595d7 wp-block-columns-is-layout-flex\">\n<div class=\"wp-block-column is-vertically-aligned-center is-layout-flow wp-block-column-is-layout-flow\">\n<div class=\"wp-block-file alignright\"><a id=\"wp-block-file--media-ad8080ae-d98c-4114-8e70-32bffeb2155f\" href=\"http:\/\/targowiska.tarnow.pl\/wp-content\/uploads\/2025\/06\/DaneEksploatacyjneOpisPlacow.xls\">DaneEksploatacyjneOpisPlacow<\/a><a href=\"http:\/\/targowiska.tarnow.pl\/wp-content\/uploads\/2025\/06\/DaneEksploatacyjneOpisPlacow.xls\" class=\"wp-block-file__button wp-element-button\" download aria-describedby=\"wp-block-file--media-ad8080ae-d98c-4114-8e70-32bffeb2155f\">Pobierz<\/a><\/div>\n<\/div>\n\n\n\n<div class=\"wp-block-column is-layout-flow wp-block-column-is-layout-flow\">\n<p><em>Dane kontrukcyjno-eksploatacyjne, opis plac\u00f3w<\/em><\/p>\n<\/div>\n<\/div>\n\n\n\n<div class=\"wp-block-columns is-layout-flex wp-container-core-columns-is-layout-9d6595d7 wp-block-columns-is-layout-flex\">\n<div class=\"wp-block-column is-layout-flow wp-block-column-is-layout-flow\">\n<div class=\"wp-block-file alignright\"><a id=\"wp-block-file--media-58599147-c175-4ac6-9e2b-b9e917cfddac\" href=\"http:\/\/targowiska.tarnow.pl\/wp-content\/uploads\/2025\/06\/StrukturaPlacowTargowych.xls\">StrukturaPlacowTargowych<\/a><a href=\"http:\/\/targowiska.tarnow.pl\/wp-content\/uploads\/2025\/06\/StrukturaPlacowTargowych.xls\" class=\"wp-block-file__button wp-element-button\" download aria-describedby=\"wp-block-file--media-58599147-c175-4ac6-9e2b-b9e917cfddac\">Pobierz<\/a><\/div>\n<\/div>\n\n\n\n<div class=\"wp-block-column is-layout-flow wp-block-column-is-layout-flow\">\n<p><em>Struktura u\u017cytkownik\u00f3w plac\u00f3w targowych 2012 r.<\/em><\/p>\n<\/div>\n<\/div>\n\n\n\n<div class=\"wp-block-columns is-layout-flex wp-container-core-columns-is-layout-9d6595d7 wp-block-columns-is-layout-flex\">\n<div class=\"wp-block-column is-layout-flow wp-block-column-is-layout-flow\">\n<div class=\"wp-block-file alignright\"><a id=\"wp-block-file--media-5ff54e70-27c0-410d-8f5f-b1b339d583bb\" href=\"http:\/\/targowiska.tarnow.pl\/wp-content\/uploads\/2025\/06\/PlaceWykaz.xls\">PlaceWykaz<\/a><a href=\"http:\/\/targowiska.tarnow.pl\/wp-content\/uploads\/2025\/06\/PlaceWykaz.xls\" class=\"wp-block-file__button wp-element-button\" download aria-describedby=\"wp-block-file--media-5ff54e70-27c0-410d-8f5f-b1b339d583bb\">Pobierz<\/a><\/div>\n<\/div>\n\n\n\n<div class=\"wp-block-column is-layout-flow wp-block-column-is-layout-flow\">\n<p><em>Place targowe w Tarnowie, stan na 20.03.2012 r.<\/em><\/p>\n<\/div>\n<\/div>\n\n\n\n<div class=\"wp-block-columns is-layout-flex wp-container-core-columns-is-layout-9d6595d7 wp-block-columns-is-layout-flex\">\n<div class=\"wp-block-column is-layout-flow wp-block-column-is-layout-flow\">\n<div class=\"wp-block-file alignright\"><a id=\"wp-block-file--media-6d2fce05-d44a-4064-be15-dce70fac5a51\" href=\"http:\/\/targowiska.tarnow.pl\/wp-content\/uploads\/2025\/06\/PlanSytuacyjnyChyszow.xls\">PlanSytuacyjnyChyszow<\/a><a href=\"http:\/\/targowiska.tarnow.pl\/wp-content\/uploads\/2025\/06\/PlanSytuacyjnyChyszow.xls\" class=\"wp-block-file__button wp-element-button\" download aria-describedby=\"wp-block-file--media-6d2fce05-d44a-4064-be15-dce70fac5a51\">Pobierz<\/a><\/div>\n<\/div>\n\n\n\n<div class=\"wp-block-column is-layout-flow wp-block-column-is-layout-flow\">\n<p><em>Plan sytuacyjny Placu Chysz\u00f3w, stan na 03.02.2012 r.<\/em><\/p>\n<\/div>\n<\/div>\n","protected":false},"excerpt":{"rendered":"<p>Pliki do wgl\u0105du i pobrania: Dane kontrukcyjno-eksploatacyjne, opis plac\u00f3w Struktura u\u017cytkownik\u00f3w plac\u00f3w targowych 2012 r. Place targowe w Tarnowie, stan na 20.03.2012 r. Plan sytuacyjny Placu Chysz\u00f3w, stan na 03.02.2012 r.<\/p>\n","protected":false},"author":1,"featured_media":0,"parent":0,"menu_order":0,"comment_status":"closed","ping_status":"closed","template":"","meta":{"_kad_post_transparent":"","_kad_post_title":"","_kad_post_layout":"","_kad_post_sidebar_id":"","_kad_post_content_style":"","_kad_post_vertical_padding":"","_kad_post_feature":"","_kad_post_feature_position":"","_kad_post_header":false,"_kad_post_footer":false,"_kad_post_classname":"","footnotes":""},"class_list":["post-1432","page","type-page","status-publish","hentry"],"_links":{"self":[{"href":"http:\/\/targowiska.tarnow.pl\/index.php?rest_route=\/wp\/v2\/pages\/1432","targetHints":{"allow":["GET"]}}],"collection":[{"href":"http:\/\/targowiska.tarnow.pl\/index.php?rest_route=\/wp\/v2\/pages"}],"about":[{"href":"http:\/\/targowiska.tarnow.pl\/index.php?rest_route=\/wp\/v2\/types\/page"}],"author":[{"embeddable":true,"href":"http:\/\/targowiska.tarnow.pl\/index.php?rest_route=\/wp\/v2\/users\/1"}],"replies":[{"embeddable":true,"href":"http:\/\/targowiska.tarnow.pl\/index.php?rest_route=%2Fwp%2Fv2%2Fcomments&post=1432"}],"version-history":[{"count":0,"href":"http:\/\/targowiska.tarnow.pl\/index.php?rest_route=\/wp\/v2\/pages\/1432\/revisions"}],"wp:attachment":[{"href":"http:\/\/targowiska.tarnow.pl\/index.php?rest_route=%2Fwp%2Fv2%2Fmedia&parent=1432"}],"curies":[{"name":"wp","href":"https:\/\/api.w.org\/{rel}","templated":true}]}}