{"id":1623,"date":"2025-06-03T09:51:49","date_gmt":"2025-06-03T07:51:49","guid":{"rendered":"http:\/\/dev.targowiska.tarnow.pl\/?page_id=1623"},"modified":"2026-03-23T10:18:04","modified_gmt":"2026-03-23T09:18:04","slug":"zwolnienia-z-oplat-za-postoj","status":"publish","type":"page","link":"http:\/\/targowiska.tarnow.pl\/?page_id=1623","title":{"rendered":"Zwolnienia z op\u0142at za post\u00f3j"},"content":{"rendered":"\n<p>Z wnoszenia op\u0142at za parkowanie pojazd\u00f3w zwolnieni s\u0105:<\/p>\n\n\n\n<ol style=\"list-style-type:upper-alpha\" class=\"wp-block-list\">\n<li>Na podstawie Ustawy z dnia 21 marca 1985 r. o drogach publicznych (Dz.U. z 2025 r. poz.889 z p\u00f3\u017a\u0144. zm.):\n<ul class=\"wp-block-list\">\n<li>pojazdy Policji,<\/li>\n\n\n\n<li>Inspekcji Transportu Drogowego,<\/li>\n\n\n\n<li>Agencji Bezpiecze\u0144stwa Wewn\u0119trznego,<\/li>\n\n\n\n<li>Agencji Wywiadu,<\/li>\n\n\n\n<li>S\u0142u\u017cby Kontrwywiadu Wojskowego,<\/li>\n\n\n\n<li>S\u0142u\u017cby Wywiadu Wojskowego,<\/li>\n\n\n\n<li>Centralnego Biura Antykorupcyjnego,<\/li>\n\n\n\n<li>S\u0142u\u017cby Ochrony Pa\u0144stwa,<\/li>\n\n\n\n<li>Stra\u017cy Granicznej,<\/li>\n\n\n\n<li>S\u0142u\u017cby Wi\u0119ziennej,<\/li>\n\n\n\n<li>Krajowej Administracji Skarbowej wykorzystywane przez S\u0142u\u017cb\u0119 Celno &#8211; Skarbow\u0105,<\/li>\n\n\n\n<li>S\u0142u\u017cb Ratowniczych,<\/li>\n\n\n\n<li>pojazdy zarz\u0105d\u00f3w dr\u00f3g,<\/li>\n\n\n\n<li>pojazdy Si\u0142 Zbrojnych Rzeczpospolitej Polskiej,&nbsp; a tak\u017ce si\u0142 zbrojnych pa\u0144stw obcych, je\u017celi umowa mi\u0119dzynarodowa, kt\u00f3rej Rzeczpospolita Polska jest stron\u0105, tak stanowi,<\/li>\n\n\n\n<li>pojazdy wykorzystywane w ratownictwie lub w przypadku kl\u0119ski \u017cywio\u0142owej,<\/li>\n\n\n\n<li>pojazdy elektryczne, o kt\u00f3rych mowa w art. 2 pkt 12 ustawy z dnia 11 stycznia 2018 r. o elektromobilno\u015bci i paliwach alternatywnych,<\/li>\n\n\n\n<li>autobusy szkolne przewo\u017c\u0105ce dzieci do szko\u0142y.<br><\/li>\n<\/ul>\n<\/li>\n\n\n\n<li>Na podstawie Uchwa\u0142y nr XIII\/162\/2019 Rady Miejskiej w Tarnowie z dnia 11 lipca 2019 r. ( Dz. Urz\u0119d. Woj. Ma\u0142op. 2019.5627 ze zm.) ustala si\u0119 zerow\u0105 stawk\u0119 op\u0142aty dla:\n<ul class=\"wp-block-list\">\n<li>oznakowanych zewn\u0119trznie pojazd\u00f3w: Stra\u017cy Miejskiej, Pogotowia Energetycznego, Pogotowia Gazowego, Pogotowia Wodno \u2013 Kanalizacyjnego, S\u0142u\u017cb Nadzoru Budowlanego, Stra\u017cy Gminnej;<\/li>\n\n\n\n<li>taks\u00f3wek stoj\u0105cych na miejscach wyznaczonych do postoju taks\u00f3wek;<\/li>\n\n\n\n<li>kieruj\u0105cych pojazdami jedno\u015bladowymi;<\/li>\n\n\n\n<li>pojazd\u00f3w os\u00f3b niepe\u0142nosprawnych oraz os\u00f3b przewo\u017c\u0105cych osoby niepe\u0142nosprawne, parkuj\u0105ce pojazdy na stanowiskach postojowych przeznaczonych dla os\u00f3b niepe\u0142nosprawnych;<\/li>\n\n\n\n<li>kieruj\u0105cych pojazdami os\u00f3b, kt\u00f3re maja status dzia\u0142acza opozycji antykomunistycznej lub osoby represjonowanej z powod\u00f3w politycznych na podstawie ustawy z dnia 20 marca 2015 r. o dzia\u0142aczach opozycji antykomunistycznej oraz osobach represjonowanych z powod\u00f3w politycznych (Dz. U. z 2004 r. poz. 906) &#8211; na podstawie karty postojowej wydanej przez Targowiska Miejskie w Tarnowie, zawieraj\u0105cej numer legitymacji wydanej kieruj\u0105cemu pojazdem przez Szefa Urz\u0119du do spraw Kombatant\u00f3w i Os\u00f3b Represjonowanych, potwierdzaj\u0105cej ten status oraz numer rejestracyjny pojazdu, umieszczanej w spos\u00f3b wskazany w \u00a7 11 ust. 3. Uprawnionemu przys\u0142uguje tylko jedna karta postojowa. kart\u0119 postojowa wydaje si\u0119 na okres 12 miesi\u0119cy.<\/li>\n<\/ul>\n<\/li>\n<\/ol>\n\n\n\n<p><\/p>\n","protected":false},"excerpt":{"rendered":"<p>Z wnoszenia op\u0142at za parkowanie pojazd\u00f3w zwolnieni s\u0105:<\/p>\n","protected":false},"author":1,"featured_media":0,"parent":0,"menu_order":0,"comment_status":"closed","ping_status":"closed","template":"","meta":{"_kad_post_transparent":"","_kad_post_title":"","_kad_post_layout":"normal","_kad_post_sidebar_id":"","_kad_post_content_style":"","_kad_post_vertical_padding":"","_kad_post_feature":"","_kad_post_feature_position":"","_kad_post_header":false,"_kad_post_footer":false,"_kad_post_classname":"","footnotes":""},"class_list":["post-1623","page","type-page","status-publish","hentry"],"_links":{"self":[{"href":"http:\/\/targowiska.tarnow.pl\/index.php?rest_route=\/wp\/v2\/pages\/1623","targetHints":{"allow":["GET"]}}],"collection":[{"href":"http:\/\/targowiska.tarnow.pl\/index.php?rest_route=\/wp\/v2\/pages"}],"about":[{"href":"http:\/\/targowiska.tarnow.pl\/index.php?rest_route=\/wp\/v2\/types\/page"}],"author":[{"embeddable":true,"href":"http:\/\/targowiska.tarnow.pl\/index.php?rest_route=\/wp\/v2\/users\/1"}],"replies":[{"embeddable":true,"href":"http:\/\/targowiska.tarnow.pl\/index.php?rest_route=%2Fwp%2Fv2%2Fcomments&post=1623"}],"version-history":[{"count":3,"href":"http:\/\/targowiska.tarnow.pl\/index.php?rest_route=\/wp\/v2\/pages\/1623\/revisions"}],"predecessor-version":[{"id":1899,"href":"http:\/\/targowiska.tarnow.pl\/index.php?rest_route=\/wp\/v2\/pages\/1623\/revisions\/1899"}],"wp:attachment":[{"href":"http:\/\/targowiska.tarnow.pl\/index.php?rest_route=%2Fwp%2Fv2%2Fmedia&parent=1623"}],"curies":[{"name":"wp","href":"https:\/\/api.w.org\/{rel}","templated":true}]}}